en 404589 is divided by 1190?
1179
What is the remainder when 111341 is divided by 12772?
9165
What is the remainder when 253646 is divided by 50525?
1021
Calculate the remainder when 3536824 is divided by 138.
22
Calculate the remainder when 2141 is divided by 1274.
867
Calculate the remainder when 1372137 is divided by 81.
78
What is the remainder when 9172477 is divided by 47?
4
What is the remainder when 4735582 is divided by 135300?
82
What is the remainder when 21880558 is divided by 2735066?
30
Calculate the remainder when 17946 is divided by 3573.
81
Calculate the remainder when 4174250 is divided by 3292.
3286
What is the remainder when 274293 is divided by 137000?
293
What is the remainder when 35988714 is divided by 806?
8
Calculate the remainder when 260882 is divided by 259.
69
What is the remainder when 6906056 is divided by 131?
129
Calculate the remainder when 41215 is divided by 4119.
25
Calculate the remainder when 323857 is divided by 597.
283
Calculate the remainder when 6774551 is divided by 62.
59
Calculate the remainder when 936892 is divided by 7952.
6508
What is the remainder when 269416 is divided by 3411?
3358
What is the remainder when 276020 is divided by 345?
20
What is the remainder when 1619234 is divided by 69?
11
What is the remainder when 71420 is divided by 979?
932
What is the remainder when 95672 is divided by 19130?
22
Calculate the remainder when 245445 is divided by 1191.
99
What is the remainder when 54803033 is divided by 3322?
3321
What is the remainder when 61721 is divided by 61527?
194
Calculate the remainder when 1543993 is divided by 222.
205
Calculate the remainder when 52039 is divided by 2492.
2199
Calculate the remainder when 12608173 is divided by 36.
1
What is the remainder when 5377951 is divided by 597487?
568
Calculate the remainder when 1724856 is divided by 17.
2
What is the remainder when 159408578 is divided by 13?
4
Calculate the remainder when 644076 is divided by 27995.
191
Calculate the remainder when 129387 is divided by 261.
192
What is the remainder when 63496670 is divided by 2887?
2879
Calculate the remainder when 83782447 is divided by 921.
919
Calculate the remainder when 2743981 is divided by 1803.
1618
Calculate the remainder when 142209 is divided by 28324.
589
Calculate the remainder when 272115 is divided by 798.
795
Calculate the remainder when 133565 is divided by 32697.
2777
What is the remainder when 1357916 is divided by 196?
28
What is the remainder when 762745 is divided by 665?
655
Calculate the remainder when 45814 is divided by 10107.
5386
Calculate the remainder when 74510 is divided by 18395.
930
Calculate the remainder when 7762183 is divided by 970271.
15
What is the remainder when 2183156 is divided by 440?
316
Calculate the remainder when 1347658 is divided by 562.
544
Calculate the remainder when 30719 is divided by 5833.
1554
What is the remainder when 36251054 is divided by 2749?
2740
Calculate the remainder when 20275 is divided by 344.
323
What is the remainder when 157040295 is divided by 517?
511
What is the remainder when 2025110 is divided by 89?
4
What is the remainder when 52665576 is divided by 13166394?
0
What is the remainder when 50005 is divided by 24991?
23
Calculate the remainder when 26099059 is divided by 29.
16
What is the remainder when 5613145 is divided by 451?
450
What is the remainder when 2837452 is divided by 95?
87
What is the remainder when 341912 is divided by 1221?
32
What is the remainder when 3891054 is divided by 84588?
6
Calculate the remainder when 540663 is divided by 270187.
289
What is the remainder when 3305293 is divided by 2452?
2449
Calculate the remainder when 17305 is divided by 3575.
3005
What is the remainder when 937190 is divided by 40?
30
What is the remainder when 386281 is divided by 1480?
1
What is the remainder when 209660 is divided by 3274?
124
What is the remainder when 7635 is divided by 179?
117
What is the remainder when 63131894 is divided by 56?
14
What is the remainder when 24717 is divided by 1450?
67
What is the remainder when 68922659 is divided by 10?
9
Calculate the remainder when 110676580 is divided by 129.
127
Calculate the remainder when 70740 is divided by 905.
150
Calculate the remainder when 591724 is divided by 82.
12
What is the remainder when 2520793 is divided by 163?
161
Calculate the remainder when 3087744 is divided by 192984.
0
What is the remainder when 47691833 is divided by 17?
16
What is the remainder when 2751327 is divided by 128?
95
Calculate the remainder when 39494 is divided by 6321.
1568
What is the remainder when 7600 is divided by 5645?
1955
What is the remainder when 23716 is divided by 23611?
105
What is the remainder when 98241 is divided by 1228?
1
What is the remainder when 41380 is divided by 3709?
581
Calculate the remainder when 440092 is divided by 978.
970
Calculate the remainder when 335425 is divided by 335418.
7
What is the remainder when 1985978 is divided by 58?
0
What is the remainder when 272121612 is divided by 3016?
3012
What is the remainder when 36913560 is divided by 47?
42
What is the remainder when 4039713 is divided by 336?
321
Calculate the remainder when 389812 is divided by 141.
88
What is the remainder when 64786 is divided by 1572?
334
Calculate the remainder when 280468 is divided by 93021.
1405
What is the remainder when 11877731 is divided by 79?
2
Calculate the remainder when 148214 is divided by 864.
470
Calculate the remainder when 116937 is divided by 5287.
623
Calculate the remainder when 1873976 is divided by 1355.
11
Calculate the remainder when 53187539 is divided by 1351.
20
What is the remainder when 121068 is divided by 1251?
972
Calculate the remainder when 26134 is divided by 2812.
826
What is the remainder when 24546640 is divided by 68375?
15
Calculate the remainder when 2070198 is divided by 477.
18
What is the remainder when 3551350 is divided by 1183778?
16
What is the remainder when 90661049 is divided by 38157?
17
What is the remainder when 34308 is divided by 3706?
954
What is the remainder when 216995346 is divided by 5518?
5514
Calculate the remainder when 14466204 is divided by 22.
16
Calculate the remainder when 2732367 is divided by 649.
77
Calculate the remainder when 194656 is divided by 65.
46
Calculate the remainder when 1919125 is divided by 469.
446
What is the remainder when 119447 is divided by 525?
272
What is the remainder when 5589261 is divided by 14?
13
What is the remainder when 1227549 is divided by 63?
57
Calculate the remainder when 871120 is divided by 39596.
8
What is the remainder when 11901442 is divided by 2360?
2322
What is the remainder when 247328 is divided by 18311?
9285
Calculate the remainder when 335237800 is divided by 399.
394
What is the remainder when 157812 is divided by 4043?
135
What is the remainder when 246070467 is divided by 14?
13
Calculate the remainder when 350489 is divided by 38913.
272
What is the remainder when 126343 is divided by 4090?
3643
What is the remainder when 2247519 is divided by 3397?
2102
What is the remainder when 4205531 is divided by 1296?
11
Calculate the remainder when 613813 is divided by 119.
11
Calculate the remainder when 881617 is divided by 4741.
4532
Calculate the remainder when 13987 is divided by 55.
17
Calculate the remainder when 265126 is divided by 49961.
15321
What is the remainder when 87742707 is divided by 1395?
1392
What is the remainder when 9013841 is divided by 64?
17
What is the remainder when 1116726 is divided by 1489?
1465
What is the remainder when 155723 is divided by 155691?
32
What is the remainder when 363074 is divided by 77?
19
Calculate the remainder when 19358 is divided by 717.
716
Calculate the remainder when 592794 is divided by 148198.
2
What is the remainder when 27881913 is divided by 12?
9
What is the remainder when 4115 is divided by 1912?
291
Calculate the remainder when 2168848 is divided by 98584.
0
Calculate the remainder when 12129933 is divided by 852.
9
What is the remainder when 17587 is divided by 3585?
3247
Calculate the remainder when 25558319 is divided by 268.
231
What is the remainder when 122739 is divided by 24547?
4
Calculate the remainder when 34017 is divided by 1699.
